l. Let n be j(h). Let f(r) = -r**3 - r**2 + 3*r - 1. Calculate f(n).
8
Let p(o) = -2*o**2 - 11*o + 1. Let i(q) = 2*q**2 + 12*q. Let a(c) = 3*i(c) + 4*p(c). Determine a(-6).
-20
Let s = -48 - 27. Let w = s + 72. Let v(g) be the third derivative of g**6/120 + g**5/20 + g**4/12 + 2*g**3/3 + g**2. Calculate v(w).
-2
Let j be (-4)/(-6) + 26/(-3). Let r be -11 + -1*(-2 + 2). Let b = r - j. Let o(d) = 2*d + 4. Determine o(b).
-2
Let y(b) = b**3 + 8*b**2 - 11*b + 2. Let r = -56 - -50. Let p(n) = -n**2 + n - 1. Let w(i) = r*p(i) - y(i). Calculate w(-3).
-2
Let d(s) = -s - 11. Suppose -2*b + 8 = -5*q + 2*q, -1 = 2*q + 3*b. Let z be -19 + q + 5 + -2. Let g = -18 - z. What is d(g)?
-11
Let d = 19/6 - 5/3. Let k(j) be the first derivative of -j - 1/3*j**3 - d*j**2 + 4. Determine k(-3).
-1
Let n(q) = -6*q - 75*q**2 + 6 + 74*q**2 - 6*q + 1. Calculate n(-13).
-6
Suppose -g = -5*y + g + 15, y - 3*g - 16 = 0. Let f(h) = 2*h - 1 + 4*h - 2*h. Calculate f(y).
3
Suppose 0 = 31*q - 28*q + t - 8, 2*t = -3*q + 4. Let d(y) = y**3 - 4*y**2 - 5*y. Give d(q).
-20
Let h(w) = -w**3 - 5*w**2 + 7*w - 1. Let q(v) = -v**3 - 7*v**2 + 9*v - 1. Let s(y) = -6*h(y) + 5*q(y). Let o = -7 - -12. Determine s(o).
16
Let x(u) = -u - 4. Suppose -49 = 2*r + 5*r. What is x(r)?
3
Let w(y) be the third derivative of y**5/60 - 5*y**4/24 - y**3/2 + 120*y**2. Determine w(4).
-7
Let c = 2 + 2. Suppose 4*t + 8 = -2*x, 12 = -2*t - c*x - 4. Let r be (9 + -7)*(t - 1). Let v(n) = -4*n - 2. What is v(r)?
6
Suppose -3*n + 3 = -2*i - 3, 15 = -3*n - 5*i. Suppose -3*l + n*l + 9 = -o, -3*l = 5*o - 27. Let x(b) = b**2 - 4*b. Give x(l).
0
Let c(m) = m**3 - m**2 + m. Let u(s) = 3*s**2 - 2*s - 3. Let g(q) = -c(q) - u(q). Let w(v) = -v**2 + 6*v + 10. Let d be w(7). Let h = 0 - d. Calculate g(h).
9
Let k(d) = d**3 + 3*d**2 + 2*d + 54. Let p be k(-5). Let o(f) = -f**3 - 5*f**2 + 12*f + 26. Give o(p).
-10
Let w(a) = a**3 - 4*a**2 - 7*a + 2. Let h(t) = -2*t - 6. Let l be h(-4). Let p be 15/6*(-18)/(-15). Let r = l + p. Determine w(r).
-8
Let g be ((-8)/12)/1*(-4 - -1). Let x(b) be the first derivative of 1/2*b**g - 2*b - 7. Calculate x(-2).
-4
Let r(p) = -p**3 + 6*p**2 + 2*p - 4. Suppose 0 = -2*a - 80. Let h be (-4)/(-12) + a/(-6). Let u be h - -1 - 12/6. Determine r(u).
8
Let f(x) = 4*x - 6*x - 1457 + 1448 + 3*x. Calculate f(2).
-7
Let p(l) = l**3 - 13*l**2 - 12*l - 24. Let k be p(14). Suppose -2*w - k*o + 6 = 0, 0*o = -2*w + o - 14. Let i(d) = -d**3 - 4*d**2 + 5*d + 6. What is i(w)?
6
Let r(i) = i + 9. Let g(w) = -6*w - 22. Let q(p) = g(p) + 3*r(p). Calculate q(-4).
17
Let p be -4 + (-19)/(-5) + (-66)/(-30). Let o(h) = -2*h + 9. What is o(p)?
5
Let y(i) be the first derivative of 1/2*i**2 - 3*i - 2. Calculate y(3).
0
Let k = -151/10 - -88/5. Let v(i) be the first derivative of -i + 5 + k*i**2. Give v(1).
4
Let w(h) = -9*h**2 + 619*h + 140. Let l be w(69). Let z(r) = r**2 - 2 - r**3 - r + r. What is z(l)?
-6
Let a(c) = -c**3 + 4*c**2 - c + 1. Let d be 6/(-2)*(10/15 + -2). What is a(d)?
-3
Let n = -13 + 25. Suppose -2*i - 2*i + 4*z = n, 27 = -2*i - 5*z. Let w(y) = y**2 + 8*y - 5. Calculate w(i).
-17
Let q(x) = 7*x**3 - 33*x**2 + 16. Let v(d) = 3*d**3 - 16*d**2 + 7. Let t(o) = 2*q(o) - 5*v(o). What is t(14)?
-3
Let z(q) = -3*q - 6. Let j be ((-20)/(-12))/(1/3). Suppose j*h + 18 = -7. Calculate z(h).
9
Let p be (3 - (-6)/2) + (11 - 14). Let v(x) be the third derivative of 2*x**2 + 0 + 1/2*x**p + 1/8*x**4 + 0*x. What is v(4)?
15
Let w(p) be the second derivative of -p**5/20 - 5*p**4/12 - 2*p**3/3 - p**2/2 - 314*p - 1. Determine w(-4).
-1
Let l(j) = -j**2 + 3*j. Let z(m) = 26*m - 58*m + 2 + 29*m + m**3 + 2*m**2. Let d be z(0). Determine l(d).
2
Let y(w) = w**2 - 11*w - 15. Let u(f) = f**2 - 9*f - 10. Let j(k) = -7*u(k) + 5*y(k). Determine j(3).
1
Let o(l) = -5*l**3 + 2*l**2 + 4*l - 3. Let p = -3 + 7. Let u(z) = -6*z**3 + 2*z**2 + 5*z - 3. Let a(v) = p*u(v) - 5*o(v). What is a(3)?
12
Let g = 1 - -2. Let k(v) = 3*v - 5*v - v**3 - 1 - v**2 - 3*v**g. Let z(l) = -4*l - 17. Let f be z(-4). Determine k(f).
4
Let a(t) = -7*t + 13. Let d(v) = 5*v - 11. Let z(b) = -2*a(b) - 3*d(b). Give z(7).
0
Let x(i) = 5*i + 5. Let f(g) = -14*g - 14. Suppose 0 = 4*c + 3*k + k + 40, 4*c = 4*k - 8. Let n(u) = c*f(u) - 17*x(u). Let l be -2 - -1*(2 + 0). What is n(l)?
-1
Let i be 0/(2 - 0 - 4). Suppose i = -3*b + 9. Suppose 0 = -3*n - k + 8, -4*n + 24 = -n - b*k. Let m(y) = -3*y + 6. Calculate m(n).
-6
Let n(w) = 13*w - 2. Let v be 4 - 3 - 0 - 6. Let t(y) = -12*y + 2. Let l(r) = v*t(r) - 4*n(r). What is l(2)?
14
Let b(p) = 2*p + 8. Suppose 0 = 5*v + 5*r, 0 = -3*v + 3*r - 2*r - 20. Determine b(v).
-2
Let l(t) be the third derivative of -13*t**6/60 + t**5/30 + t**4/8 + t**3/3 - 334*t**2. Give l(-1).
27
Let m(h) = 6*h - 3. Let u be 2 + 4/(24/6). What is m(u)?
15
Let n be 25 + -20 - (-5)/((-10)/4). Let x(z) be the third derivative of 0 + 1/12*z**4 - 7/6*z**n + 6*z**2 + 0*z. Calculate x(6).
5
Suppose -28 = -4*i + 4*z, -5*i + 15 = -10*z + 15*z. Suppose -3*b = 2*b - i*a - 50, -5*b - 2*a = -50. Let o(p) = -p**3 + 11*p**2 - 12*p + 14. What is o(b)?
-6
Let j(w) = -2*w**2 + 3*w. Suppose 0*s = 3*y + 5*s - 10, -17 = -3*y + 2*s. Suppose -y*f - 4 = 3*v, 5*v + 3*f + f = 2. What is j(v)?
-2
Let n(f) = -f - 9 + 3*f + 5*f + f**2 + 15. Let x = 1 + -5. Let z(q) = q**2 + 4*q - 4. Let w be z(x). What is n(w)?
-6
Let o = -1617 + 1620. Let q(i) = -3*i**3 + 3*i**2 - 4*i + 2. Calculate q(o).
-64
Let l(v) be the first derivative of v**6/360 - 7*v**4/24 + 38*v**3/3 + 61. Let g(d) be the third derivative of l(d). Calculate g(-6).
29
Suppose -5*u + 10 = 5*a, a - 2 = -0*u - 3*u. Let w(q) be the second derivative of q**3/6 - 2*q**2 + q - 62. What is w(u)?
-4
Let w(u) = -u**3 - 9*u**2 + u + 5. Let s(z) = -z**3 - 9*z**2 - z + 4. Let a(q) = 2*s(q) - 3*w(q). Determine a(-9).
38
Let u(x) be the second derivative of -3/2*x**2 + 15*x + 0 - 1/2*x**3. Let j(k) = k**3 + k**2 - k. Let h be j(-2). What is u(h)?
3
Let w(t) = -4 + 27*t - 9*t + 0*t - 13*t - 6*t. Give w(12).
-16
Let t(y) = y - 8. Let k(m) = 11*m - 33. Let q be k(3). Determine t(q).
-8
Let b(d) = 4*d - 13. Let z(f) = f**3 + 8*f**2 - f - 46. Let q be z(-7). Calculate b(q).
27
Let r(i) = i**3 + 9*i**2 - i - 10. Let y be r(-9). Let k(d) = 7*d**2 - 3*d + 2. Let o(j) = -3*j**2 + 2*j - 1. Let p(g) = 3*k(g) + 5*o(g). Determine p(y).
6
Suppose 0 = -7*y + 3*y - 24. Let t = -3 - y. Let k(l) = -1 - 4*l + 4*l**3 + t*l + 4 - l**2 - 3*l**3. Determine k(0).
3
Let a = 3 - 3. Let l(k) = 6 - 60*k**2 + 129*k**2 - k - 70*k**2. What is l(a)?
6
Let m(i) = -81 + 9 - i**2 + 2*i**3 - 13*i**2 + 77. Determine m(7).
5
Let w be ((-1)/(-3))/(196/(-48) + 4). Let u(r) = -r - 5*r**2 + 3 - r**3 + 0*r + r**2. Give u(w).
7
Let y(q) be the third derivative of q**5/15 - q**4/24 + q**3/2 - 2*q**2 - 160*q. What is y(-3)?
42
Suppose 6*z - 19*z + 442 = 0. Let j = -33 + z. Let g(u) = 5*u - 1. Give g(j).
4
Let n = -9 - -10. Suppose 4*x - n = -5. Let t(c) = 3*c**3 - c**2 + 1. Give t(x).
-3
Let i(k) = k**3 - 7*k**2 - 19*k + 6. Let a be (-15)/(-25) + (-378)/(-45). Determine i(a).
-3
Let c be (-13005)/(-135) + (4/6)/(-2). Let i be 496/c - (-10)/12. Let r(d) = -d - 1. Give r(i).
-7
Let x(j) = -j**3 - j**2 + 1. Let i(u) = 15*u - 92. Let k be i(6). Give x(k).
5
Suppose 263 - 13 = -25*t. Let d(z) = 9*z - 2*z**3 - 6 + 0 - 9*z**2 + z**3 + 0. What is d(t)?
4
Suppose -2*m = -p + 2*p - 5, -2*m + 9 = 5*p. Let y(d) = -6*d + d**2 + 19*d + m - 15*d. Determine y(5).
17
Let s(c) be the second derivative of c**5/20 + 5*c**4/4 + 3*c**3 + 6*c**2 + 94*c. Give s(-14).
-44
Let z = 6 + -5. Let d be z/(((-8)/18)/4). Let r be (6/d)/(2/15). Let f(t) = -t**2 - 3*t + 1. What is f(r)?
-9
Let a(r) = -r + 3. Suppose 180 = 7*d + 23*d. Calculate a(d).
-3
Let c be (-5 + 0)*1/(-6)*6. Let k(h) = -h**2 + 8*h - 7. What is k(c)?
8
Let g(u) = -12*u**3 + 9*u**2 - 9*u + 13. Let x(w) = 5*w**3 - 5*w**2 + 5*w - 6. Let d(h) = 2*g(h) + 5*x(h). What is d(6)?
2
Suppose 4*s + 18 = 26. Let n(y) = -3 + 3*y - 29*y**s + 54*y**2 - 26*y**2. Determine n(4).
-7
Let z(n) = n**2 + n + 1. Let q(s) = -7*s**2 + 4*s - 7. Let k(u) = -q(u) - 6*z(u). Let c = -15809 + 15817. Give k(c).
-15
Let m(i) = 2*i**2 - 9. Let n(j) = j**2 - 5. Let r(c) = -6*m(c) + 11*n(c). Suppose 83*t = 87*t + 4. What is r(t)?
-2
Suppose -3*r + 42 = -r. Let j = -22